t is the hundred thousands digit of 111744?
1
What is the ten thousands digit of 499474?
9
What is the units digit of 1938143?
3
What is the tens digit of 66868?
6
What is the millions digit of 1648909?
1
What is the thousands digit of 91694?
1
What is the units digit of 4461329?
9
What is the ten thousands digit of 1464706?
6
What is the hundred thousands digit of 137274?
1
What is the hundred thousands digit of 1023140?
0
What is the hundreds digit of 220198?
1
What is the thousands digit of 30701?
0
What is the tens digit of 1107261?
6
What is the hundred thousands digit of 7747205?
7
What is the tens digit of 92384?
8
What is the ten thousands digit of 44893?
4
What is the hundreds digit of 142326?
3
What is the ten thousands digit of 9452013?
5
What is the thousands digit of 487794?
7
What is the ten thousands digit of 131523?
3
What is the units digit of 1799652?
2
What is the hundreds digit of 49726?
7
What is the tens digit of 43991?
9
What is the tens digit of 13335934?
3
What is the units digit of 272406?
6
What is the hundred thousands digit of 984943?
9
What is the tens digit of 25307357?
5
What is the hundreds digit of 231796?
7
What is the ten thousands digit of 1536957?
3
What is the ten thousands digit of 262480?
6
What is the hundreds digit of 454756?
7
What is the thousands digit of 213329?
3
What is the units digit of 2218272?
2
What is the thousands digit of 471608?
1
What is the thousands digit of 10830662?
0
What is the tens digit of 282143?
4
What is the thousands digit of 7146979?
6
What is the thousands digit of 219791?
9
What is the ten millions digit of 35634789?
3
What is the units digit of 535244?
4
What is the hundreds digit of 14844179?
1
What is the ten thousands digit of 359508?
5
What is the ten thousands digit of 795127?
9
What is the ten thousands digit of 75012?
7
What is the tens digit of 3851125?
2
What is the units digit of 773809?
9
What is the tens digit of 873916?
1
What is the ten thousands digit of 507187?
0
What is the hundreds digit of 499008?
0
What is the tens digit of 511055?
5
What is the units digit of 123995?
5
What is the units digit of 3824?
4
What is the hundred thousands digit of 1499500?
4
What is the tens digit of 28118775?
7
What is the thousands digit of 1296488?
6
What is the ten thousands digit of 36908?
3
What is the tens digit of 996332?
3
What is the thousands digit of 1528492?
8
What is the tens digit of 37146?
4
What is the tens digit of 2589514?
1
What is the ten thousands digit of 439988?
3
What is the hundreds digit of 15874759?
7
What is the thousands digit of 843194?
3
What is the thousands digit of 44404?
4
What is the units digit of 265904?
4
What is the thousands digit of 5953?
5
What is the tens digit of 348710?
1
What is the thousands digit of 9404011?
4
What is the millions digit of 3528618?
3
What is the tens digit of 466067?
6
What is the hundreds digit of 5904389?
3
What is the hundred thousands digit of 983641?
9
What is the tens digit of 524512?
1
What is the hundred thousands digit of 194256?
1
What is the tens digit of 319084?
8
What is the units digit of 821186?
6
What is the thousands digit of 20711?
0
What is the hundreds digit of 4768435?
4
What is the hundreds digit of 261679?
6
What is the ten thousands digit of 258342?
5
What is the millions digit of 9837041?
9
What is the hundreds digit of 2378207?
2
What is the ten thousands digit of 5596935?
9
What is the tens digit of 15287709?
0
What is the ten thousands digit of 14415842?
1
What is the millions digit of 1130937?
1
What is the tens digit of 1402543?
4
What is the hundred thousands digit of 2668826?
6
What is the ten millions digit of 13692515?
1
What is the ten millions digit of 12799877?
1
What is the tens digit of 116438?
3
What is the hundreds digit of 1601478?
4
What is the ten thousands digit of 656525?
5
What is the hundred thousands digit of 40984216?
9
What is the tens digit of 593780?
8
What is the hundreds digit of 162734?
7
What is the ten thousands digit of 377503?
7
What is the ten thousands digit of 284956?
8
What is the tens digit of 888831?
3
What is the hundred thousands digit of 177127?
1
What is the units digit of 16715895?
5
What is the thousands digit of 12477?
2
What is the tens digit of 259476?
7
What is the tens digit of 521123?
2
What is the units digit of 46465?
5
What is the hundred thousands digit of 182302?
1
What is the units digit of 2139738?
8
What is the units digit of 233592?
2
What is the tens digit of 82787?
8
What is the ten thousands digit of 36480?
3
What is the tens digit of 967220?
2
What is the units digit of 193459?
9
What is the units digit of 1670270?
0
What is the units digit of 17149224?
4
What is the ten thousands digit of 27423598?
2
What is the ten thousands digit of 6880703?
8
What is the ten thousands digit of 998989?
9
What is the units digit of 34349?
9
What is the thousands digit of 6608836?
8
What is the hundreds digit of 448983?
9
What is the hundred thousands digit of 3215615?
2
What is the hundreds digit of 110755?
7
What is the ten thousands digit of 374703?
7
What is the hundreds digit of 5122192?
1
What is the tens digit of 396081?
8
What is the thousands digit of 34903?
4
What is the thousands digit of 287631?
7
What is the hundreds digit of 142300?
3
What is the ten millions digit of 14367023?
1
What is the millions digit of 1035923?
1
What is the hundred thousands digit of 403815?
4
What is the units digit of 3793903?
3
What is the ten thousands digit of 22265176?
6
What is the hundreds digit of 925938?
9
What is the ten millions digit of 14788002?
1
What is the tens digit of 16979523?
2
What is the tens digit of 865605?
0
What is the thousands digit of 3955260?
5
What is the tens digit of 221663?
6
What is the ten thousands digit of 666305?
6
What is the hundred thousands digit of 344988?
3
What is the hundreds digit of 2332791?
7
What is the hundred thousands digit of 576739?
5
What is the ten millions digit of 38794953?
3
What is the hundreds digit of 12172868?
8
What is the units digit of 166146?
6
What is the ten thousands digit of 966284?
6
What is the thousands digit of 2428490?
8
What is the units digit of 28006015?
5
What is the ten thousands digit of 1039764?
3
What is the units digit of 2865651?
1
What is the ten thousands digit of 8615231?
1
What is the tens digit of 2245502?
0
What is the hundreds digit of 10011324?
3
What is the thousands digit of 4214272?
4
What is the units digit of 90402?
2
What is the units digit of 497818?
8
What is the hundreds digit of 8044?
0
What is the thousands digit of 2635559?
5
What is the units digit of 546839?
9
What is the tens digit of 182334?
3
What is the tens digit of 6437?
3
What is the millions digit of 1106318?
1
What is the tens digit of 730729?
2
What is the tens digit of 474940?
4
What is the tens digit of 3240617?
1
What is the hundreds digit of 1667218?
2
What is the hundred thousands digit of 1064254?
0
What is the hundreds digit of 2223032?
0
What is the hundreds digit of 445850?
8
What is the hundred thousands digit of 1407165?
4
What is the hundred thousands digit of 175939?
1
What is the hundred thousands digit of 1599834?
5
What is the thousands digit of 889764?
9
What is the hundred thousands digit of 4858073?
8
What is the thousands digit of 72939?
2
What is the units digit of 5384?
4
What is the hundred thousands digit of 2207523?
2
What is the tens digit of 190978?
7
What is the units digit of 127598?
8
What is the hundreds digit of 445421?
4
What is the hundred thousands digit of 539404?
5
What is the tens digit of 8546126?
2
What is the tens digit of 980051?
5
What is the hundreds digit of 333722?
7
What is the hundred thousands digit of 416309?
4
What is the thousands digit of 25672503?
2
What is the thousands digit of 937950?
7
What is the millions digit of 5038258?
5
What is the millions digit of 4081227?
4
What is the hundreds digit of 5991920?
9
What is the hundreds digit of 395951?
9
What is the ten thousands digit of 375013?
7
What is the hundreds digit of 494955?
9
What is the ten thousands digit of 3019109?
1
What is the units digit of 296329?
9
What is the units digit of 1171292?
2
What is the tens digit of 21007?
0
What is the tens digit of 133809